{"id":15,"date":"2016-01-12T12:11:09","date_gmt":"2016-01-12T12:11:09","guid":{"rendered":"http:\/\/les-pagaies.fr\/?page_id=15"},"modified":"2024-08-29T15:44:17","modified_gmt":"2024-08-29T15:44:17","slug":"valcabrere","status":"publish","type":"page","link":"https:\/\/les-pagaies.fr\/?page_id=15","title":{"rendered":"Base Valcabr\u00e8re"},"content":{"rendered":"\n<h1 class=\"wp-block-heading has-text-align-center\"><mark style=\"background-color:rgba(0, 0, 0, 0);color:#65c097\" class=\"has-inline-color\">La Base Nautique de Valcabr\u00e8re<\/mark><\/h1>\n\n\n\n<h2 class=\"wp-block-heading has-text-align-center\" style=\"margin-top:var(--wp--preset--spacing--60);margin-bottom:var(--wp--preset--spacing--60)\">Fa\u00eetes une pause fraicheur lors de vos vacances en Haute-Garonne ! <\/h2>\n\n\n\n<div class=\"wp-block-columns is-layout-flex wp-container-core-columns-is-layout-28f84493 wp-block-columns-is-layout-flex\">\n<div class=\"wp-block-column is-vertically-aligned-center is-layout-flow wp-block-column-is-layout-flow\" style=\"flex-basis:33.33%\">\n<figure class=\"wp-block-image size-full is-resized\"><img loading=\"lazy\" decoding=\"async\" width=\"823\" height=\"838\" src=\"https:\/\/les-pagaies.fr\/wp-content\/uploads\/2023\/08\/site-pont-1.png\" alt=\"\" class=\"wp-image-537\" style=\"width:384px;height:382px\" srcset=\"https:\/\/les-pagaies.fr\/wp-content\/uploads\/2023\/08\/site-pont-1.png 823w, https:\/\/les-pagaies.fr\/wp-content\/uploads\/2023\/08\/site-pont-1-295x300.png 295w, https:\/\/les-pagaies.fr\/wp-content\/uploads\/2023\/08\/site-pont-1-768x782.png 768w\" sizes=\"auto, (max-width: 823px) 100vw, 823px\" \/><\/figure>\n<\/div>\n\n\n\n<div class=\"wp-block-column is-vertically-aligned-center is-layout-flow wp-block-column-is-layout-flow\" style=\"flex-basis:66.66%\">\n<p class=\"has-foreground-color has-text-color\">La Base Nautique de Valcabr\u00e8re situ\u00e9e<strong> <mark style=\"background-color:rgba(0, 0, 0, 0);color:#65c097\" class=\"has-inline-color\">sous le pont de Labroqu\u00e8re.<\/mark><\/strong><\/p>\n\n\n\n<p class=\"has-foreground-color has-text-color\">Le<strong> <mark style=\"background-color:rgba(0, 0, 0, 0);color:#65c097\" class=\"has-inline-color\">parcours \u00ab\u00a0s\u00e9r\u00e9nit\u00e9\u00a0\u00bb <\/mark><\/strong>est situ\u00e9 au c\u0153ur de la montagne entre Valcabr\u00e8re et Montr\u00e9jeau.<\/p>\n\n\n\n<p class=\"has-foreground-color has-text-color\">Faites-vous des souvenirs inoubliables au fil des vagues avec nos paysages enchanteur en apercevant entre autres le <strong><mark style=\"background-color:rgba(0, 0, 0, 0);color:#65c097\" class=\"has-inline-color\">Ch\u00e2teau de Barous<\/mark><\/strong>.<\/p>\n<\/div>\n<\/div>\n\n\n\n<div class=\"wp-block-columns is-layout-flex wp-container-core-columns-is-layout-28f84493 wp-block-columns-is-layout-flex\">\n<div class=\"wp-block-column is-vertically-aligned-center is-layout-flow wp-block-column-is-layout-flow\" style=\"flex-basis:66.66%\">\n<p class=\"has-foreground-color has-text-color\">En cano\u00eb ou en kayak, laissez vous glisser pendant <strong><mark style=\"background-color:rgba(0, 0, 0, 0);color:#65c097\" class=\"has-inline-color\">2h30<\/mark><\/strong> au fil de l&rsquo;eau transparente dans un<strong> <mark style=\"background-color:rgba(0, 0, 0, 0);color:#65c097\" class=\"has-inline-color\">paysage totalement nature<\/mark> <\/strong>o\u00f9 vous ne croiserez aucune voiture, route ou habitation urbaine. Il n&rsquo;y aura que la faune et la flore \u00e0 perte de vue.<\/p>\n\n\n\n<p class=\"has-foreground-color has-text-color\">Des<strong> <mark style=\"background-color:rgba(0, 0, 0, 0);color:#65c097\" class=\"has-inline-color\">bidons \u00e9tanches<\/mark> <\/strong>vous seront pr\u00eat\u00e9s afin d&#8217;embarquer votre pique-nique et de le d\u00e9guster sur les nombreuses petites plages de cailloux qui s&rsquo;offrent \u00e0 vous. A votre arriv\u00e9e<strong> <mark style=\"background-color:rgba(0, 0, 0, 0);color:#65c097\" class=\"has-inline-color\">une navette vous ram\u00e8nera \u00e0 la base de d\u00e9part<\/mark><\/strong>.<\/p>\n<\/div>\n\n\n\n<div class=\"wp-block-column is-vertically-aligned-center is-layout-flow wp-block-column-is-layout-flow\" style=\"flex-basis:33.33%\">\n<figure class=\"wp-block-image size-full is-resized\"><img loading=\"lazy\" decoding=\"async\" width=\"823\" height=\"817\" src=\"https:\/\/les-pagaies.fr\/wp-content\/uploads\/2023\/08\/image-valca-01.png\" alt=\"\" class=\"wp-image-568\" style=\"width:396px;height:394px\" srcset=\"https:\/\/les-pagaies.fr\/wp-content\/uploads\/2023\/08\/image-valca-01.png 823w, https:\/\/les-pagaies.fr\/wp-content\/uploads\/2023\/08\/image-valca-01-300x298.png 300w, https:\/\/les-pagaies.fr\/wp-content\/uploads\/2023\/08\/image-valca-01-150x150.png 150w, https:\/\/les-pagaies.fr\/wp-content\/uploads\/2023\/08\/image-valca-01-768x762.png 768w\" sizes=\"auto, (max-width: 823px) 100vw, 823px\" \/><\/figure>\n<\/div>\n<\/div>\n\n\n\n<figure class=\"wp-block-pullquote has-foreground-color has-text-color has-normal-font-size\"><blockquote><p><strong>Le parcours ne pr\u00e9sente aucune difficult\u00e9 de navigation et est accessible d\u00e8s <mark style=\"background-color:rgba(0, 0, 0, 0);color:#65c097\" class=\"has-inline-color\">8 ans<\/mark>.<\/strong><\/p><\/blockquote><\/figure>\n\n\n\n<h1 class=\"wp-block-heading has-text-align-center\" style=\"margin-top:var(--wp--preset--spacing--60);margin-bottom:var(--wp--preset--spacing--60)\"><strong>Pr\u00eat \u00e0 pagayer ?<\/strong><\/h1>\n\n\n\n<p class=\"has-text-align-center\"><mark style=\"background-color:rgba(0, 0, 0, 0)\" class=\"has-inline-color has-foreground-color\">Du 10 juillet au 31 ao\u00fbt, r\u00e9servez votre bateau en ligne <\/mark><\/p>\n\n\n\n<div class=\"wp-block-group is-layout-constrained wp-container-core-group-is-layout-a0de3d40 wp-block-group-is-layout-constrained\">\n<div class=\"wp-block-columns is-layout-flex wp-container-core-columns-is-layout-3a1adc74 wp-block-columns-is-layout-flex\" style=\"border-style:none;border-width:0px;margin-top:0;margin-bottom:0;padding-top:0;padding-right:var(--wp--preset--spacing--70);padding-bottom:0;padding-left:var(--wp--preset--spacing--70)\">\n<div class=\"wp-block-column is-layout-flow wp-block-column-is-layout-flow\">\n<guidap-reserve-button><\/guidap-reserve-button>\n<\/div>\n<\/div>\n<\/div>\n\n\n\n<p class=\"has-text-align-center\"> <mark style=\"background-color:rgba(0, 0, 0, 0)\" class=\"has-inline-color has-foreground-color\"> <br>  par t\u00e9l\u00e9phone au 05 61 95 80 38 (Juillet\/Ao\u00fbt uniquement), hors de cette p\u00e9riode contactez nous par mail,<\/mark><\/p>\n\n\n\n<p class=\"has-text-align-center\"><mark style=\"background-color:rgba(0, 0, 0, 0)\" class=\"has-inline-color has-foreground-color\"> puis rendez-vous le <\/mark><strong><mark style=\"background-color:rgba(0, 0, 0, 0);color:#65c097\" class=\"has-inline-color\">Jour J \u00e0 la base<\/mark><mark style=\"background-color:rgba(0, 0, 0, 0)\" class=\"has-inline-color has-foreground-color\">:<\/mark><\/strong><\/p>\n\n\n\n<div class=\"wp-block-columns is-layout-flex wp-container-core-columns-is-layout-28f84493 wp-block-columns-is-layout-flex\">\n<div class=\"wp-block-column is-vertically-aligned-center is-layout-flow wp-block-column-is-layout-flow\" style=\"flex-basis:33.33%\">\n<figure class=\"wp-block-image alignright size-full is-resized\"><img loading=\"lazy\" decoding=\"async\" width=\"531\" height=\"530\" src=\"https:\/\/les-pagaies.fr\/wp-content\/uploads\/2023\/08\/panneau2.png\" alt=\"\" class=\"wp-image-532\" style=\"width:157px;height:157px\" srcset=\"https:\/\/les-pagaies.fr\/wp-content\/uploads\/2023\/08\/panneau2.png 531w, https:\/\/les-pagaies.fr\/wp-content\/uploads\/2023\/08\/panneau2-300x300.png 300w, https:\/\/les-pagaies.fr\/wp-content\/uploads\/2023\/08\/panneau2-150x150.png 150w\" sizes=\"auto, (max-width: 531px) 100vw, 531px\" \/><\/figure>\n<\/div>\n\n\n\n<div class=\"wp-block-column is-vertically-aligned-center is-layout-flow wp-block-column-is-layout-flow\" style=\"flex-basis:66.66%\">\n<p><mark style=\"background-color:rgba(0, 0, 0, 0)\" class=\"has-inline-color has-foreground-color\">Association \u00ab\u00a0Les Pagaies\u00a0\u00bb, Le pont de Labroqu\u00e8re 31510 Valcabr\u00e8re<\/mark><\/p>\n<\/div>\n<\/div>\n\n\n\n<div class=\"wp-block-columns is-layout-flex wp-container-core-columns-is-layout-28f84493 wp-block-columns-is-layout-flex\">\n<div class=\"wp-block-column is-vertically-aligned-center is-layout-flow wp-block-column-is-layout-flow\" style=\"flex-basis:50%\">\n<p class=\"has-text-align-center has-foreground-color has-text-color\">Prendre l\u2019autoroute A64, sortie Luchon\/Montr\u00e9jeau n\u00b017 puis au rond point tout droit direction Luchon et au 1er feu, \u00e0 droite (passer la ligne de chemin de fer).<\/p>\n<\/div>\n\n\n\n<div class=\"wp-block-column is-layout-flow wp-block-column-is-layout-flow\" style=\"flex-basis:50%\">\n<p><iframe loading=\"lazy\" style=\"border: 0;\" src=\"https:\/\/www.google.com\/maps\/embed?pb=!1m18!1m12!1m3!1d6936.298007460226!2d0.5869550216521745!3d43.03398138928566!2m3!1f0!2f0!3f0!3m2!1i1024!2i768!4f13.1!3m3!1m2!1s0x0%3A0x0!2zNDPCsDAyJzA1LjMiTiAwwrAzNSczMi4yIkU!5e0!3m2!1sfr!2sus!4v1453235921554\" width=\"600\" height=\"450\" frameborder=\"0\" allowfullscreen=\"allowfullscreen\"><\/iframe><\/p>\n<\/div>\n<\/div>\n","protected":false},"excerpt":{"rendered":"<p>La Base Nautique de Valcabr\u00e8re Fa\u00eetes une pause fraicheur lors de vos vacances en Haute-Garonne [&hellip;]<\/p>\n","protected":false},"author":1,"featured_media":0,"parent":0,"menu_order":2,"comment_status":"closed","ping_status":"closed","template":"","meta":{"footnotes":""},"class_list":["post-15","page","type-page","status-publish","hentry"],"_links":{"self":[{"href":"https:\/\/les-pagaies.fr\/index.php?rest_route=\/wp\/v2\/pages\/15","targetHints":{"allow":["GET"]}}],"collection":[{"href":"https:\/\/les-pagaies.fr\/index.php?rest_route=\/wp\/v2\/pages"}],"about":[{"href":"https:\/\/les-pagaies.fr\/index.php?rest_route=\/wp\/v2\/types\/page"}],"author":[{"embeddable":true,"href":"https:\/\/les-pagaies.fr\/index.php?rest_route=\/wp\/v2\/users\/1"}],"replies":[{"embeddable":true,"href":"https:\/\/les-pagaies.fr\/index.php?rest_route=%2Fwp%2Fv2%2Fcomments&post=15"}],"version-history":[{"count":40,"href":"https:\/\/les-pagaies.fr\/index.php?rest_route=\/wp\/v2\/pages\/15\/revisions"}],"predecessor-version":[{"id":711,"href":"https:\/\/les-pagaies.fr\/index.php?rest_route=\/wp\/v2\/pages\/15\/revisions\/711"}],"wp:attachment":[{"href":"https:\/\/les-pagaies.fr\/index.php?rest_route=%2Fwp%2Fv2%2Fmedia&parent=15"}],"curies":[{"name":"wp","href":"https:\/\/api.w.org\/{rel}","templated":true}]}}

Base Valcabrère

<h1 class="wp-block-heading has-text-align-center"><mark style="background-color:rgba(0, 0, 0, 0);color:#65c097" class="has-inline-color">La Base Nautique de Valcabrère</mark></h1>



<h2 class="wp-block-heading has-text-align-center" style="margin-top:var(--wp--preset--spacing--60);margin-bottom:var(--wp--preset--spacing--60)">Faîtes une pause fraicheur lors de vos vacances en Haute-Garonne ! </h2>



<div class="wp-block-columns is-layout-flex wp-container-core-columns-is-layout-28f84493 wp-block-columns-is-layout-flex">
<div class="wp-block-column is-vertically-aligned-center is-layout-flow wp-block-column-is-layout-flow" style="flex-basis:33.33%">
<figure class="wp-block-image size-full is-resized"><img loading="lazy" decoding="async" width="823" height="838" src="https://les-pagaies.fr/wp-content/uploads/2023/08/site-pont-1.png" alt="" class="wp-image-537" style="width:384px;height:382px" srcset="https://les-pagaies.fr/wp-content/uploads/2023/08/site-pont-1.png 823w, https://les-pagaies.fr/wp-content/uploads/2023/08/site-pont-1-295x300.png 295w, https://les-pagaies.fr/wp-content/uploads/2023/08/site-pont-1-768x782.png 768w" sizes="auto, (max-width: 823px) 100vw, 823px" /></figure>
</div>



<div class="wp-block-column is-vertically-aligned-center is-layout-flow wp-block-column-is-layout-flow" style="flex-basis:66.66%">
<p class="has-foreground-color has-text-color">La Base Nautique de Valcabrère située<strong> <mark style="background-color:rgba(0, 0, 0, 0);color:#65c097" class="has-inline-color">sous le pont de Labroquère.</mark></strong></p>



<p class="has-foreground-color has-text-color">Le<strong> <mark style="background-color:rgba(0, 0, 0, 0);color:#65c097" class="has-inline-color">parcours « sérénité » </mark></strong>est situé au cœur de la montagne entre Valcabrère et Montréjeau.</p>



<p class="has-foreground-color has-text-color">Faites-vous des souvenirs inoubliables au fil des vagues avec nos paysages enchanteur en apercevant entre autres le <strong><mark style="background-color:rgba(0, 0, 0, 0);color:#65c097" class="has-inline-color">Château de Barous</mark></strong>.</p>
</div>
</div>



<div class="wp-block-columns is-layout-flex wp-container-core-columns-is-layout-28f84493 wp-block-columns-is-layout-flex">
<div class="wp-block-column is-vertically-aligned-center is-layout-flow wp-block-column-is-layout-flow" style="flex-basis:66.66%">
<p class="has-foreground-color has-text-color">En canoë ou en kayak, laissez vous glisser pendant <strong><mark style="background-color:rgba(0, 0, 0, 0);color:#65c097" class="has-inline-color">2h30</mark></strong> au fil de l&rsquo;eau transparente dans un<strong> <mark style="background-color:rgba(0, 0, 0, 0);color:#65c097" class="has-inline-color">paysage totalement nature</mark> </strong>où vous ne croiserez aucune voiture, route ou habitation urbaine. Il n&rsquo;y aura que la faune et la flore à perte de vue.</p>



<p class="has-foreground-color has-text-color">Des<strong> <mark style="background-color:rgba(0, 0, 0, 0);color:#65c097" class="has-inline-color">bidons étanches</mark> </strong>vous seront prêtés afin d&#8217;embarquer votre pique-nique et de le déguster sur les nombreuses petites plages de cailloux qui s&rsquo;offrent à vous. A votre arrivée<strong> <mark style="background-color:rgba(0, 0, 0, 0);color:#65c097" class="has-inline-color">une navette vous ramènera à la base de départ</mark></strong>.</p>
</div>



<div class="wp-block-column is-vertically-aligned-center is-layout-flow wp-block-column-is-layout-flow" style="flex-basis:33.33%">
<figure class="wp-block-image size-full is-resized"><img loading="lazy" decoding="async" width="823" height="817" src="https://les-pagaies.fr/wp-content/uploads/2023/08/image-valca-01.png" alt="" class="wp-image-568" style="width:396px;height:394px" srcset="https://les-pagaies.fr/wp-content/uploads/2023/08/image-valca-01.png 823w, https://les-pagaies.fr/wp-content/uploads/2023/08/image-valca-01-300x298.png 300w, https://les-pagaies.fr/wp-content/uploads/2023/08/image-valca-01-150x150.png 150w, https://les-pagaies.fr/wp-content/uploads/2023/08/image-valca-01-768x762.png 768w" sizes="auto, (max-width: 823px) 100vw, 823px" /></figure>
</div>
</div>



<figure class="wp-block-pullquote has-foreground-color has-text-color has-normal-font-size"><blockquote><p><strong>Le parcours ne présente aucune difficulté de navigation et est accessible dès <mark style="background-color:rgba(0, 0, 0, 0);color:#65c097" class="has-inline-color">8 ans</mark>.</strong></p></blockquote></figure>



<h1 class="wp-block-heading has-text-align-center" style="margin-top:var(--wp--preset--spacing--60);margin-bottom:var(--wp--preset--spacing--60)"><strong>Prêt à pagayer ?</strong></h1>



<p class="has-text-align-center"><mark style="background-color:rgba(0, 0, 0, 0)" class="has-inline-color has-foreground-color">Du 10 juillet au 31 août, réservez votre bateau en ligne </mark></p>



<div class="wp-block-group is-layout-constrained wp-container-core-group-is-layout-a0de3d40 wp-block-group-is-layout-constrained">
<div class="wp-block-columns is-layout-flex wp-container-core-columns-is-layout-3a1adc74 wp-block-columns-is-layout-flex" style="border-style:none;border-width:0px;margin-top:0;margin-bottom:0;padding-top:0;padding-right:var(--wp--preset--spacing--70);padding-bottom:0;padding-left:var(--wp--preset--spacing--70)">
<div class="wp-block-column is-layout-flow wp-block-column-is-layout-flow">
<guidap-reserve-button></guidap-reserve-button>
</div>
</div>
</div>



<p class="has-text-align-center"> <mark style="background-color:rgba(0, 0, 0, 0)" class="has-inline-color has-foreground-color"> <br>  par téléphone au 05 61 95 80 38 (Juillet/Août uniquement), hors de cette période contactez nous par mail,</mark></p>



<p class="has-text-align-center"><mark style="background-color:rgba(0, 0, 0, 0)" class="has-inline-color has-foreground-color"> puis rendez-vous le </mark><strong><mark style="background-color:rgba(0, 0, 0, 0);color:#65c097" class="has-inline-color">Jour J à la base</mark><mark style="background-color:rgba(0, 0, 0, 0)" class="has-inline-color has-foreground-color">:</mark></strong></p>



<div class="wp-block-columns is-layout-flex wp-container-core-columns-is-layout-28f84493 wp-block-columns-is-layout-flex">
<div class="wp-block-column is-vertically-aligned-center is-layout-flow wp-block-column-is-layout-flow" style="flex-basis:33.33%">
<figure class="wp-block-image alignright size-full is-resized"><img loading="lazy" decoding="async" width="531" height="530" src="https://les-pagaies.fr/wp-content/uploads/2023/08/panneau2.png" alt="" class="wp-image-532" style="width:157px;height:157px" srcset="https://les-pagaies.fr/wp-content/uploads/2023/08/panneau2.png 531w, https://les-pagaies.fr/wp-content/uploads/2023/08/panneau2-300x300.png 300w, https://les-pagaies.fr/wp-content/uploads/2023/08/panneau2-150x150.png 150w" sizes="auto, (max-width: 531px) 100vw, 531px" /></figure>
</div>



<div class="wp-block-column is-vertically-aligned-center is-layout-flow wp-block-column-is-layout-flow" style="flex-basis:66.66%">
<p><mark style="background-color:rgba(0, 0, 0, 0)" class="has-inline-color has-foreground-color">Association « Les Pagaies », Le pont de Labroquère 31510 Valcabrère</mark></p>
</div>
</div>



<div class="wp-block-columns is-layout-flex wp-container-core-columns-is-layout-28f84493 wp-block-columns-is-layout-flex">
<div class="wp-block-column is-vertically-aligned-center is-layout-flow wp-block-column-is-layout-flow" style="flex-basis:50%">
<p class="has-text-align-center has-foreground-color has-text-color">Prendre l’autoroute A64, sortie Luchon/Montréjeau n°17 puis au rond point tout droit direction Luchon et au 1er feu, à droite (passer la ligne de chemin de fer).</p>
</div>



<div class="wp-block-column is-layout-flow wp-block-column-is-layout-flow" style="flex-basis:50%">
<p><iframe loading="lazy" style="border: 0;" src="https://www.google.com/maps/embed?pb=!1m18!1m12!1m3!1d6936.298007460226!2d0.5869550216521745!3d43.03398138928566!2m3!1f0!2f0!3f0!3m2!1i1024!2i768!4f13.1!3m3!1m2!1s0x0%3A0x0!2zNDPCsDAyJzA1LjMiTiAwwrAzNSczMi4yIkU!5e0!3m2!1sfr!2sus!4v1453235921554" width="600" height="450" frameborder="0" allowfullscreen="allowfullscreen"></iframe></p>
</div>
</div>

<p>La Base Nautique de Valcabrère Faîtes une pause fraicheur lors de vos vacances en Haute-Garonne [&hellip;]</p>
